3323546 is divided by 34?
12
Calculate the remainder when 18462681 is divided by 161953.
39
What is the remainder when 51625868 is divided by 1224?
1220
What is the remainder when 50901238 is divided by 272?
246
What is the remainder when 2246124 is divided by 658?
370
Calculate the remainder when 1037109 is divided by 463.
452
Calculate the remainder when 14112 is divided by 941.
938
Calculate the remainder when 213374 is divided by 6654.
446
Calculate the remainder when 4215439 is divided by 8.
7
What is the remainder when 600241 is divided by 253?
125
Calculate the remainder when 51447 is divided by 6241.
1519
What is the remainder when 879402 is divided by 5745?
417
Calculate the remainder when 53231128 is divided by 4839192.
16
What is the remainder when 1111540 is divided by 3984?
4
What is the remainder when 17704432 is divided by 506?
504
What is the remainder when 5828458 is divided by 223?
130
What is the remainder when 306117 is divided by 37906?
2869
What is the remainder when 628529 is divided by 1698?
269
Calculate the remainder when 1876455 is divided by 50715.
0
What is the remainder when 1089674 is divided by 272233?
742
What is the remainder when 23855 is divided by 46?
27
What is the remainder when 6239436 is divided by 1091?
7
Calculate the remainder when 253107 is divided by 36155.
22
Calculate the remainder when 1229748 is divided by 409914.
6
Calculate the remainder when 4363173 is divided by 484797.
0
Calculate the remainder when 81399507 is divided by 6.
3
Calculate the remainder when 11262709 is divided by 247.
3
Calculate the remainder when 49281636 is divided by 67.
54
What is the remainder when 14215080 is divided by 14?
12
What is the remainder when 6191321 is divided by 410?
321
What is the remainder when 1533061 is divided by 35?
26
Calculate the remainder when 6401655 is divided by 475.
80
What is the remainder when 32129019 is divided by 354?
333
Calculate the remainder when 335141 is divided by 1875.
1391
What is the remainder when 497372 is divided by 6005?
4962
Calculate the remainder when 38431 is divided by 1155.
316
Calculate the remainder when 2994758 is divided by 2994701.
57
Calculate the remainder when 764851771 is divided by 2496.
2491
Calculate the remainder when 1879051 is divided by 29.
25
Calculate the remainder when 204461529 is divided by 18587411.
8
What is the remainder when 6293387 is divided by 3146601?
185
Calculate the remainder when 1221487 is divided by 3432.
3127
What is the remainder when 244797172 is divided by 64?
52
What is the remainder when 813938 is divided by 203329?
622
What is the remainder when 48100 is divided by 6104?
5372
Calculate the remainder when 8462835 is divided by 1057854.
3
Calculate the remainder when 9616594 is divided by 515.
514
What is the remainder when 492911935 is divided by 704?
703
What is the remainder when 663474118 is divided by 5224?
5222
Calculate the remainder when 1967864 is divided by 635.
634
What is the remainder when 63185 is divided by 4611?
3242
Calculate the remainder when 65798 is divided by 1787.
1466
What is the remainder when 2501226 is divided by 192398?
52
Calculate the remainder when 103348 is divided by 1812.
64
What is the remainder when 238709 is divided by 1276?
97
What is the remainder when 34742414 is divided by 50?
14
What is the remainder when 77861119 is divided by 6081?
6076
Calculate the remainder when 31270530 is divided by 569.
566
What is the remainder when 28326 is divided by 1289?
1257
Calculate the remainder when 12101199 is divided by 7.
5
Calculate the remainder when 623147 is divided by 207692.
71
What is the remainder when 2486587 is divided by 3916?
3843
Calculate the remainder when 417732 is divided by 10182.
270
Calculate the remainder when 8373 is divided by 2080.
53
What is the remainder when 2362681 is divided by 955?
11
Calculate the remainder when 93025 is divided by 458.
51
What is the remainder when 56620720 is divided by 1085?
1080
Calculate the remainder when 7011837 is divided by 116861.
177
Calculate the remainder when 89369972 is divided by 1869.
1868
Calculate the remainder when 100878 is divided by 1122.
1020
What is the remainder when 10351841 is divided by 1671?
1667
Calculate the remainder when 3943780 is divided by 172.
164
Calculate the remainder when 941660 is divided by 12554.
110
What is the remainder when 266774 is divided by 9545?
9059
What is the remainder when 38546 is divided by 9507?
518
What is the remainder when 337253 is divided by 8647?
20
Calculate the remainder when 133289996 is divided by 4443.
4439
What is the remainder when 132214016 is divided by 58065?
11
Calculate the remainder when 205914 is divided by 29399.
121
Calculate the remainder when 4692274 is divided by 532.
34
Calculate the remainder when 3054185 is divided by 54.
53
What is the remainder when 75788872 is divided by 4230?
4192
What is the remainder when 5776615 is divided by 1994?
1991
Calculate the remainder when 8254177 is divided by 485.
447
Calculate the remainder when 137023 is divided by 27397.
38
What is the remainder when 218157 is divided by 50826?
14853
Calculate the remainder when 25781 is divided by 2738.
1139
Calculate the remainder when 19471917 is divided by 790.
787
Calculate the remainder when 25613 is divided by 311.
111
What is the remainder when 280329 is divided by 6837?
12
What is the remainder when 387016 is divided by 21018?
8692
What is the remainder when 10505 is divided by 3345?
470
Calculate the remainder when 24856128 is divided by 14043.
18
What is the remainder when 4214840 is divided by 31?
18
Calculate the remainder when 6533494 is divided by 3685.
3674
Calculate the remainder when 1286978 is divided by 142931.
599
What is the remainder when 2915532 is divided by 97184?
12
What is the remainder when 534443 is divided by 534428?
15
Calculate the remainder when 25219 is divided by 12341.
537
What is the remainder when 4296992 is divided by 19?
9
Calculate the remainder when 3634642 is divided by 1817316.
10
Calculate the remainder when 336831532 is divided by 4463.
4459
Calculate the remainder when 377001 is divided by 75153.
1236
What is the remainder when 26911605 is divided by 354100?
5
Calculate the remainder when 224271 is divided by 166.
5
What is the remainder when 2210594 is divided by 987?
701
What is the remainder when 19938269 is divided by 1705?
1704
Calculate the remainder when 113176 is divided by 237.
127
Calculate the remainder when 225507 is divided by 433.
347
What is the remainder when 4863490 is divided by 24?
10
What is the remainder when 39360 is divided by 19551?
258
What is the remainder when 2396720 is divided by 19485?
65
Calculate the remainder when 14976 is divided by 984.
216
What is the remainder when 24278353 is divided by 13?
8
Calculate the remainder when 25950 is divided by 947.
381
Calculate the remainder when 381620 is divided by 3852.
272
What is the remainder when 2047400 is divided by 511849?
4
Calculate the remainder when 766005 is divided by 5716.
61
What is the remainder when 8390567 is divided by 64050?
17
Calculate the remainder when 14882694 is divided by 656.
22
Calculate the remainder when 52169 is divided by 2073.
344
What is the remainder when 158445799 is divided by 79222896?
7
Calculate the remainder when 6618517 is divided by 3309208.
101
Calculate the remainder when 10206223 is divided by 208290.
13
Calculate the remainder when 27093803 is divided by 314.
313
What is the remainder when 3586 is divided by 1667?
252
Calculate the remainder when 335609 is divided by 850.
709
Calculate the remainder when 433679 is divided by 78.
77
What is the remainder when 29721060 is divided by 108?
0
Calculate the remainder when 95204 is divided by 3069.
65
What is the remainder when 3185412 is divided by 353932?
24
What is the remainder when 2154132 is divided by 496?
4
What is the remainder when 19438145 is divided by 2454?
11
What is the remainder when 544854 is divided by 12661?
431
What is the remainder when 3632818 is divided by 4?
2
Calculate the remainder when 6126991 is divided by 225.
16
What is the remainder when 2498993 is divided by 3377?
13
Calculate the remainder when 29882176 is divided by 123480.
16
Calculate the remain